r when l(-15) is divided by h.
14
Calculate the remainder when 5028 is divided by -8 + -5 + 11 + 109 + 0.
106
Suppose -13 + 7 = -6*k. Let i be ((-64)/(-4))/(k - -1). Let c(o) = -o**3 + 10*o**2 - 16*o + 14. Calculate the remainder when 67 is divided by c(i).
11
Suppose -48*q - 287 - 145 = 0. Let d(x) be the first derivative of x**3/3 + 3*x**2 - 6*x - 1. Calculate the remainder when d(q) is divided by 8.
5
Suppose -7*k + 47 = -16. Suppose 3*c = -13*p + 8*p + 426, 0 = -2*c - 4*p + 286. Calculate the remainder when c is divided by (-3)/k - (-424)/12.
32
Let o = -12 + 9. Let d(i) = i**3 + 3*i**2 - 3*i - 1. Calculate the remainder when (1 - 3/2) + 3568/32 is divided by d(o).
7
Suppose 38*n = 37*n + 100. Let r = n - 92. Calculate the remainder when 11 is divided by (-6)/(-8) - (-10)/r.
1
Let r be (2/3 - 0)/(8/72). Suppose 537 - 81 = r*b. Suppose 14*i = 18*i - b. Calculate the remainder when 113 is divided by i.
18
Let n = 210 + -215. Calculate the remainder when 441 + (0 - 2/n)*10 is divided by 16.
13
Suppose -55*u + 51*u - 8 = 0. What is the remainder when 10/u*96/(-12) is divided by 32?
8
Calculate the remainder when 2323 is divided by 12 - (9 + (-90)/9).
9
Suppose 6*v + 570 - 612 = 0. Calculate the remainder when 90 is divided by v.
6
Calculate the remainder when 2567 is divided by (1 + (17 - 15))/(-4*(-12)/1424).
75
Suppose 7*h - 730 = 383. Calculate the remainder when 1843 is divided by h.
94
Suppose 45 = 8*h - 3. Suppose -l = 1, 20 = 7*a - h*a - 2*l. Calculate the remainder when 280 is divided by a.
10
Let p(h) = 39*h - 106. Let k be p(3). Suppose g - 5 = -3. Suppose k = 2*q + g*v - 25, 8 = -2*v. Calculate the remainder when 104 is divided by q.
16
Let h(x) = -x**3 + 43*x**2 + 138*x - 4. Let o be h(46). Let z(n) = -2*n + 1 + 3*n - 4*n. Calculate the remainder when 49 is divided by z(o).
10
Let v = -458 + 470. Calculate the remainder when 393 is divided by v.
9
Let b = 7 - -24. Suppose -2*s = -18*i + 10*i - 214, -i + 619 = 5*s. What is the remainder when s is divided by b?
30
Suppose 0*u - 60 = -6*u. Suppose -u*a + 143 = 13. Suppose -2*h + 3 + 1 = 0. Calculate the remainder when a is divided by h.
1
Suppose -5*i - 11 = -m, 5*m - 70 = -2*i + 93. Suppose -k = -m - 38. Suppose 0 = 2*p - 47 - k. What is the remainder when p is divided by 12?
10
Let c(l) = 11*l**2 - 17*l + 12. What is the remainder when 351 is divided by c(2)?
21
Suppose 20*z - 4253 - 6638 - 229 = 0. Calculate the remainder when z is divided by 169.
49
Suppose 76 = 2*z + 4*g, -3*z = -g - 55 - 24. What is the remainder when 79 is divided by z?
23
What is the remainder when 499 is divided by 390/(-9)*(23/(-10) - 5/50)?
83
Let m be (-11)/(66/(-12)) - 12. Let d be ((-464)/(-20))/(2/m). Let t = d + 124. What is the remainder when t is divided by 8?
0
Suppose 28048 = 46*f + 30*f - 78504. What is the remainder when f is divided by 36?
34
Suppose 197 = 9*y + 71. Let a(u) = 21 + u + 1 + 4. What is the remainder when a(0) is divided by y?
12
Let j(l) = 8*l**2 - l - 6. Let t be j(3). Let k = 52 - t. Let h = 56 - k. What is the remainder when h is divided by 35?
32
Let u = 4305 + -2585. What is the remainder when u is divided by 42?
40
Let h be (-4)/26 + (-56)/(-26). Suppose h*t - 62 + 52 = 0. Calculate the remainder when 9 is divided by t.
4
Suppose 2*w = -w - 2*m - 1235, -2*w - 4*m - 834 = 0. Let x = w + 706. Calculate the remainder when x is divided by 20.
17
Let n(x) be the third derivative of x**4/6 + 3*x**3/2 + 7*x**2 + 8*x. Calculate the remainder when 92 is divided by n(6).
26
Let s(x) = -23*x - 62. Let j(u) = 25*u + 62. Let h(o) = 3*j(o) + 4*s(o). What is the remainder when 599 is divided by h(-6)?
39
Suppose -3*l - 2*s + 1665 = -1850, 0 = -3*l - 3*s + 3513. Calculate the remainder when l is divided by 37.
26
Suppose -56*p + 10923 = -9909. Calculate the remainder when p is divided by 17.
15
Let i(t) = -t + 17. Let u be i(7). Suppose 4*z - u = 2*z. Let q(g) = -g**2 + 13*g - 6. What is the remainder when 132 is divided by q(z)?
30
Let d(g) = 470*g**2 - 28*g - 68. What is the remainder when d(-3) is divided by 9?
7
Let o(f) = 16*f + 1. Let q = 2174 - 1070. Suppose 25*i - q = -21*i. Calculate the remainder when i is divided by o(1).
7
Let d be ((-2)/(-6))/((-3)/18). Let l be (18 + -8)/(4/d). Calculate the remainder when 10 is divided by (-11 + (-1 - l))*-1.
3
Let n be (-12 - 0)/(-4*7/14). Suppose 45 = -3*p + n*p. Suppose 2*y - 280 = -2*y. What is the remainder when y is divided by p?
10
Suppose 260 = 5*m + 75. Suppose -3*i - 4*q + 91 = 0, -95 = -3*i + q - 3*q. Let x = i + -13. Calculate the remainder when m is divided by x.
17
Suppose 0 = 5*h + 133 - 108, 3*g - 2*h = 67. Let n(y) = 11*y**2 + 2*y + 2. What is the remainder when n(-2) is divided by g?
4
Let s(a) = -5*a**2 - 25*a - 5. Let w be s(-7). Let i = w + 134. Suppose -2*u + 22 + 2 = 0. Calculate the remainder when i is divided by u.
11
Suppose -7*h = -4*h + 336. Let u be 2/(-6) + (-5017)/87. Let j = u - h. Calculate the remainder when j is divided by 28.
26
Suppose -526*a + 6931 = -9901. What is the remainder when 129 is divided by a?
1
Calculate the remainder when 983 is divided by (-36)/27*468/(-24).
21
Suppose 8*n = -0*n - 2*n. Suppose n = -0*q - 2*q + 4. Suppose -5*r = -q*s - 0*r + 41, -3*r + 4 = s. What is the remainder when 32 is divided by s?
6
Let f(a) = 2*a**2 + 11*a + 9. Let l = 1 - 11. Let q be f(l). Suppose -q = -6*i - 5*i. What is the remainder when 24 is divided by i?
6
Suppose -2*x = 1 - 17. Suppose g = -1, 5*l - 3*g = x*l - 498. Let j = 234 - l. Calculate the remainder when j is divided by 23.
21
Let d be (0 - 1)*-1 + 55. Suppose 0 = 2*j + 3*u - d, j + 4*u - 28 = -0*u. What is the remainder when j is divided by 2/4*-6*10/(-3)?
8
Suppose 3*k + 4*y = 9, 0 = 3*k + 5*y - 47 + 38. Let w(o) = 0 + o**2 - 5 + 3*o + 0. Calculate the remainder when 38 is divided by w(k).
12
Let g = 49 - 46. Suppose -1 + g = 2*x, 5*k + 2*x + 418 = 0. What is the remainder when 53 is divided by (0 - -3)/(-1 + k/(-66))?
9
Let j be (9/(-4))/(0 - (-7)/(-56)). Let d(b) = 3*b - 38. What is the remainder when 29 is divided by d(j)?
13
Let m be (180/75)/((-2)/5). Calculate the remainder when 102 is divided by ((-209)/33)/(1/m).
26
Suppose 0 = 2*j - 3*b - 293 - 23, 636 = 4*j - 4*b. Calculate the remainder when 1115 is divided by j.
149
Let a be (-616)/6 + 4/(-12) + 0. Let z = -59 - a. What is the remainder when 84 is divided by z?
40
Suppose -27*z + 318 + 141 = 0. Let c(i) = -11*i - 26. Calculate the remainder when c(-13) is divided by z.
15
Suppose 0 = 5*p - 7*p + 660. Calculate the remainder when p is divided by 22.
0
Let k = -17589 + 17695. Suppose -b = -4 - 11. Calculate the remainder when k is divided by b.
1
Let g = 17030 + -16788. What is the remainder when 781 is divided by g?
55
Let t = 1835 - 990. Let y = -506 + t. What is the remainder when y is divided by 18?
15
Let o be (886 + -7 - 9) + (6 - 2). Let f = o - 791. What is the remainder when f is divided by 11?
6
Let p = -277 - -293. Suppose -p*k + 6 = -602. What is the remainder when 833 is divided by k?
35
Let r(g) = -g + 10. Let h be r(6). Suppose -4*n = -14*n + 30. What is the remainder when (251/n - -5) + h/(-6) is divided by 18?
16
Let w(r) = -r**3 + 16*r**2 - 14*r - 5. Let h = 19 + -15. Suppose -8*f = -h*f - 60. Calculate the remainder when 29 is divided by w(f).
9
Let q(x) = x**3 + 14*x**2 + x + 14. Let w be q(-14). Suppose -4*v - 4*f + 60 = w, v - 3*f - 2*f = 33. Calculate the remainder when 156 is divided by v.
12
Let r(l) = 48*l - 131. Let m be r(0). Let y = 141 + m. Calculate the remainder when 36 is divided by y.
6
Let v = 48 + -45. Suppose b - 87 = -3*h, 3*h - v*b - 111 + 36 = 0. What is the remainder when 109 is divided by h?
25
Let q be (-78)/117*(0/2 + -6). Suppose -f + 8 = 3*f. Suppose -f*m - w + 79 = -0*m, -q*w + 152 = 4*m. What is the remainder when m is divided by 15?
11
Let s = 3990 - 2982. Calculate the remainder when s is divided by 297.
117
Suppose 3*i = 4417 - 4312. Let d = 17 - 6. Let u(y) = y**2 + 7*y + 11. What is the remainder when u(d) is divided by i?
34
Let w = -3 + 37. Calculate the remainder when w is divided by ((-49)/(-14))/(1*8/16) + 6.
8
Suppose -2*v = -4*s + 158, -3*v = 1 + 2. Let x = 450 - 442. Suppose 2*o = -6*i + x*i - 12, -3*i = -4*o - 18. What is 